{"id":1148,"date":"2022-01-18T18:54:08","date_gmt":"2022-01-18T17:54:08","guid":{"rendered":"https:\/\/associationfamiliale.fr\/afib\/?page_id=1148"},"modified":"2022-03-22T18:14:47","modified_gmt":"2022-03-22T17:14:47","slug":"vie-citoyenne","status":"publish","type":"page","link":"https:\/\/afib-bvs.fr\/index.php\/vie-citoyenne\/","title":{"rendered":"Vie citoyenne"},"content":{"rendered":"\n<div class=\"wp-block-cover is-light\" style=\"min-height:430px;aspect-ratio:unset;\" data-block-type=\"core\"><span aria-hidden=\"true\" class=\"has-background-dim-0 wp-block-cover__gradient-background has-background-dim\" style=\"background-color:#f9f9f9\"><\/span><img loading=\"lazy\" decoding=\"async\" width=\"2560\" height=\"1920\" class=\"wp-block-cover__image-background wp-image-1332\" alt=\"Stand AFIB, f\u00eate du quartier Argentine\" src=\"https:\/\/associationfamiliale.fr\/afib\/wp-content\/uploads\/2022\/02\/FeteArgentine-scaled.jpg\" data-object-fit=\"cover\" srcset=\"https:\/\/afib-bvs.fr\/afib\/wp-content\/uploads\/2022\/02\/FeteArgentine-scaled.jpg 2560w, https:\/\/afib-bvs.fr\/afib\/wp-content\/uploads\/2022\/02\/FeteArgentine-300x225.jpg 300w, https:\/\/afib-bvs.fr\/afib\/wp-content\/uploads\/2022\/02\/FeteArgentine-1024x768.jpg 1024w, https:\/\/afib-bvs.fr\/afib\/wp-content\/uploads\/2022\/02\/FeteArgentine-768x576.jpg 768w, https:\/\/afib-bvs.fr\/afib\/wp-content\/uploads\/2022\/02\/FeteArgentine-1536x1152.jpg 1536w, https:\/\/afib-bvs.fr\/afib\/wp-content\/uploads\/2022\/02\/FeteArgentine-2048x1536.jpg 2048w\" sizes=\"auto, (max-width: 2560px) 100vw, 2560px\" \/><div class=\"wp-block-cover__inner-container is-layout-flow wp-block-cover-is-layout-flow\">\n<div class=\"wp-block-stackable-text stk-block-text stk-block stk-e34b3d1\" data-block-id=\"e34b3d1\"><p class=\"stk-block-text__text\"><\/p><\/div>\n\n\n\n<div class=\"wp-block-stackable-heading stk-block-heading stk-block stk-8535601\" data-block-id=\"8535601\"><style>.stk-8535601 .stk-block-heading__text{text-shadow:0px 15px 14px rgba(18,63,82,0.3) !important;color:#fdf9f9 !important}<\/style><h2 class=\"stk-block-heading__text has-text-color\"><strong>Participation \u00e0 la vie citoyenne de Beauvais<\/strong><\/h2><\/div>\n<\/div><\/div>\n\n\n\n<p class=\"has-text-align-right\" data-block-type=\"core\">Stand AFIB, f\u00eate du quartier Argentine<\/p>\n\n\n\n<h4 class=\"wp-block-heading\" id=\"participation-a-la-vie-citoyenne-de-beauvais\"> <strong>Participation \u00e0 la vie citoyenne de Beauvais<\/strong> <\/h4>\n\n\n\n<h3 class=\"has-palette-color-8-color has-palette-color-1-background-color has-text-color has-background wp-block-heading\" id=\"conseils-citoyens\">Conseils citoyens<\/h3>\n\n\n\n<p data-block-type=\"core\">L\u2019AFIB si\u00e8ge en tant que membre dans cette instance et dans le cadre de l\u2019ANRU (Agence Nationale \u00e0 la R\u00e9novation Urbaine).<br>Elle participe aux trois conseils citoyens mis en place&nbsp;:<\/p>\n\n\n\n<ul class=\"wp-block-list\" data-block-type=\"core\"><li>Argentine<\/li><li>Saint Lucien<\/li><li>Saint Jean<\/li><\/ul>\n\n\n\n<p data-block-type=\"core\"><strong><u>Activit\u00e9<\/u><\/strong><strong>&nbsp;:<\/strong><\/p>\n\n\n\n<p data-block-type=\"core\">Pr\u00e9sence \u00e0 des r\u00e9unions en Pr\u00e9fecture ou \u00e0 la Communaut\u00e9 d\u2019Agglom\u00e9ration du Beauvaisis pour suivi de l\u2019\u00e9laboration du programme en rapprochement des citoyens.<\/p>\n\n\n\n<p data-block-type=\"core\">Pr\u00e9sence aux r\u00e9unions du conseil citoyen pour une mise en place d\u2019actions locales.<\/p>\n\n\n\n<p data-block-type=\"core\">Rencontre avec les gestionnaires, participation \u00e0 des manifestations sur le quartier ou coordination avec les partenaires.<\/p>\n\n\n\n<p data-block-type=\"core\">Mise en place de sorties citoyennes (visites : mairie, Assembl\u00e9e Nationale etc\u2026)<\/p>\n\n\n\n<p data-block-type=\"core\">Organisation d\u2019\u00e9v\u00e9nements festifs participant \u00e0 la coh\u00e9sion des habitants.<\/p>\n\n\n\n<p data-block-type=\"core\">Montage d\u2019appels \u00e0 projets.<\/p>\n\n\n\n<h3 class=\"has-palette-color-8-color has-palette-color-1-background-color has-text-color has-background wp-block-heading\" id=\"reunions-de-coordination\">R\u00e9unions de coordination<\/h3>\n\n\n\n<p data-block-type=\"core\">Quartier Argentine, Quartier Saint Lucien, Quartier Saint Jean<\/p>\n\n\n\n<p data-block-type=\"core\">Organis\u00e9es \u00e0 l\u2019initiative des responsables de chaque centre social, les r\u00e9unions de coordination concernent tous les acteurs de chaque quartier.<\/p>\n\n\n\n<p data-block-type=\"core\">Une fois par mois, chaque structure organise une r\u00e9union de coordination lors de laquelle toutes les associations d\u2019un quartier, les instances collectives (ville, d\u00e9l\u00e9gu\u00e9 de pr\u00e9fet) pr\u00e9sentent leurs projets, ainsi que leurs objectifs.<\/p>\n\n\n\n<p data-block-type=\"core\"><strong>But&nbsp;: <\/strong>Lieu de rencontre des acteurs du quartier pour croiser les actions, partager les comp\u00e9tences et organiser les animations.<\/p>\n\n\n\n<div style=\"height:79px\" aria-hidden=\"true\" class=\"wp-block-spacer\" data-block-type=\"core\"><\/div>\n","protected":false},"excerpt":{"rendered":"<p>Stand AFIB, f\u00eate du quartier Argentine Participation \u00e0 la vie citoyenne de Beauvais Conseils citoyens L\u2019AFIB si\u00e8ge en tant que membre dans cette instance et dans le cadre de l\u2019ANRU (Agence Nationale \u00e0 la R\u00e9novation Urbaine).Elle participe aux trois conseils citoyens mis en place&nbsp;: Argentine Saint Lucien Saint Jean Activit\u00e9&nbsp;: Pr\u00e9sence \u00e0 des r\u00e9unions en [&hellip;]<\/p>\n","protected":false},"author":1,"featured_media":0,"parent":0,"menu_order":0,"comment_status":"closed","ping_status":"closed","template":"","meta":{"footnotes":""},"class_list":["post-1148","page","type-page","status-publish","hentry"],"blocksy_meta":{"styles_descriptor":{"styles":{"desktop":"","tablet":"","mobile":""},"google_fonts":[],"version":6}},"featured_image_urls_v2":{"full":"","thumbnail":"","medium":"","medium_large":"","large":"","1536x1536":"","2048x2048":""},"post_excerpt_stackable_v2":"<p>Participation \u00e0 la vie citoyenne de Beauvais Stand AFIB, f\u00eate du quartier Argentine Participation \u00e0 la vie citoyenne de Beauvais Conseils citoyens L\u2019AFIB si\u00e8ge en tant que membre dans cette instance et dans le cadre de l\u2019ANRU (Agence Nationale \u00e0 la R\u00e9novation Urbaine).Elle participe aux trois conseils citoyens mis en place&nbsp;: ArgentineSaint LucienSaint Jean Activit\u00e9&nbsp;: Pr\u00e9sence \u00e0 des r\u00e9unions en Pr\u00e9fecture ou \u00e0 la Communaut\u00e9 d\u2019Agglom\u00e9ration du Beauvaisis pour suivi de l\u2019\u00e9laboration du programme en rapprochement des citoyens. Pr\u00e9sence aux r\u00e9unions du conseil citoyen pour une mise en place d\u2019actions locales. Rencontre avec les gestionnaires, participation \u00e0 des manifestations sur\u2026<\/p>\n","category_list_v2":"","author_info_v2":{"name":"admafib","url":"https:\/\/afib-bvs.fr\/index.php\/author\/admafib\/"},"comments_num_v2":"0 commentaire","yoast_head":"<!-- This site is optimized with the Yoast SEO plugin v27.5 - https:\/\/yoast.com\/product\/yoast-seo-wordpress\/ -->\n<title>AFIB - Association Familiale Intercommunale de Beauvais - Vie citoyenne<\/title>\n<meta name=\"description\" content=\"L\u2019AFIB fid\u00e8le \u00e0 ses valeurs familiales de citoyennet\u00e9 et de la\u00efcit\u00e9, propose des services dans un cadre familial.\" \/>\n<meta name=\"robots\" content=\"index, follow, max-snippet:-1, max-image-preview:large, max-video-preview:-1\" \/>\n<link rel=\"canonical\" href=\"https:\/\/afib-bvs.fr\/index.php\/vie-citoyenne\/\" \/>\n<meta property=\"og:locale\" content=\"fr_FR\" \/>\n<meta property=\"og:type\" content=\"article\" \/>\n<meta property=\"og:title\" content=\"AFIB - Association Familiale Intercommunale de Beauvais - Vie citoyenne\" \/>\n<meta property=\"og:description\" content=\"L\u2019AFIB fid\u00e8le \u00e0 ses valeurs familiales de citoyennet\u00e9 et de la\u00efcit\u00e9, propose des services dans un cadre familial.\" \/>\n<meta property=\"og:url\" content=\"https:\/\/afib-bvs.fr\/index.php\/vie-citoyenne\/\" \/>\n<meta property=\"og:site_name\" content=\"AFIB - Association Familiale Intercommunale de Beauvais\" \/>\n<meta property=\"article:publisher\" content=\"https:\/\/www.facebook.com\/afibeauvais60\" \/>\n<meta property=\"article:modified_time\" content=\"2022-03-22T17:14:47+00:00\" \/>\n<meta property=\"og:image\" content=\"https:\/\/associationfamiliale.fr\/afib\/wp-content\/uploads\/2022\/02\/FeteArgentine-scaled.jpg\" \/>\n<meta name=\"twitter:card\" content=\"summary_large_image\" \/>\n<meta name=\"twitter:label1\" content=\"Dur\u00e9e de lecture estim\u00e9e\" \/>\n\t<meta name=\"twitter:data1\" content=\"2 minutes\" \/>\n<script type=\"application\/ld+json\" class=\"yoast-schema-graph\">{\"@context\":\"https:\\\/\\\/schema.org\",\"@graph\":[{\"@type\":\"WebPage\",\"@id\":\"https:\\\/\\\/afib-bvs.fr\\\/index.php\\\/vie-citoyenne\\\/\",\"url\":\"https:\\\/\\\/afib-bvs.fr\\\/index.php\\\/vie-citoyenne\\\/\",\"name\":\"AFIB - Association Familiale Intercommunale de Beauvais - Vie citoyenne\",\"isPartOf\":{\"@id\":\"https:\\\/\\\/afib-bvs.fr\\\/#website\"},\"primaryImageOfPage\":{\"@id\":\"https:\\\/\\\/afib-bvs.fr\\\/index.php\\\/vie-citoyenne\\\/#primaryimage\"},\"image\":{\"@id\":\"https:\\\/\\\/afib-bvs.fr\\\/index.php\\\/vie-citoyenne\\\/#primaryimage\"},\"thumbnailUrl\":\"https:\\\/\\\/associationfamiliale.fr\\\/afib\\\/wp-content\\\/uploads\\\/2022\\\/02\\\/FeteArgentine-scaled.jpg\",\"datePublished\":\"2022-01-18T17:54:08+00:00\",\"dateModified\":\"2022-03-22T17:14:47+00:00\",\"description\":\"L\u2019AFIB fid\u00e8le \u00e0 ses valeurs familiales de citoyennet\u00e9 et de la\u00efcit\u00e9, propose des services dans un cadre familial.\",\"breadcrumb\":{\"@id\":\"https:\\\/\\\/afib-bvs.fr\\\/index.php\\\/vie-citoyenne\\\/#breadcrumb\"},\"inLanguage\":\"fr-FR\",\"potentialAction\":[{\"@type\":\"ReadAction\",\"target\":[\"https:\\\/\\\/afib-bvs.fr\\\/index.php\\\/vie-citoyenne\\\/\"]}]},{\"@type\":\"ImageObject\",\"inLanguage\":\"fr-FR\",\"@id\":\"https:\\\/\\\/afib-bvs.fr\\\/index.php\\\/vie-citoyenne\\\/#primaryimage\",\"url\":\"https:\\\/\\\/associationfamiliale.fr\\\/afib\\\/wp-content\\\/uploads\\\/2022\\\/02\\\/FeteArgentine-scaled.jpg\",\"contentUrl\":\"https:\\\/\\\/associationfamiliale.fr\\\/afib\\\/wp-content\\\/uploads\\\/2022\\\/02\\\/FeteArgentine-scaled.jpg\"},{\"@type\":\"BreadcrumbList\",\"@id\":\"https:\\\/\\\/afib-bvs.fr\\\/index.php\\\/vie-citoyenne\\\/#breadcrumb\",\"itemListElement\":[{\"@type\":\"ListItem\",\"position\":1,\"name\":\"Accueil\",\"item\":\"https:\\\/\\\/afib-bvs.fr\\\/\"},{\"@type\":\"ListItem\",\"position\":2,\"name\":\"Vie citoyenne\"}]},{\"@type\":\"WebSite\",\"@id\":\"https:\\\/\\\/afib-bvs.fr\\\/#website\",\"url\":\"https:\\\/\\\/afib-bvs.fr\\\/\",\"name\":\"AFIB - Association Familiale Intercommunale de Beauvais\",\"description\":\"&quot;Au service des familles&quot;\",\"publisher\":{\"@id\":\"https:\\\/\\\/afib-bvs.fr\\\/#organization\"},\"potentialAction\":[{\"@type\":\"SearchAction\",\"target\":{\"@type\":\"EntryPoint\",\"urlTemplate\":\"https:\\\/\\\/afib-bvs.fr\\\/?s={search_term_string}\"},\"query-input\":{\"@type\":\"PropertyValueSpecification\",\"valueRequired\":true,\"valueName\":\"search_term_string\"}}],\"inLanguage\":\"fr-FR\"},{\"@type\":\"Organization\",\"@id\":\"https:\\\/\\\/afib-bvs.fr\\\/#organization\",\"name\":\"AFIB - Association Familiale Intercommunale de Beauvais\",\"url\":\"https:\\\/\\\/afib-bvs.fr\\\/\",\"logo\":{\"@type\":\"ImageObject\",\"inLanguage\":\"fr-FR\",\"@id\":\"https:\\\/\\\/afib-bvs.fr\\\/#\\\/schema\\\/logo\\\/image\\\/\",\"url\":\"https:\\\/\\\/afib-bvs.fr\\\/afib\\\/wp-content\\\/uploads\\\/2022\\\/12\\\/LOGO-AFIB_min2.jpg\",\"contentUrl\":\"https:\\\/\\\/afib-bvs.fr\\\/afib\\\/wp-content\\\/uploads\\\/2022\\\/12\\\/LOGO-AFIB_min2.jpg\",\"width\":810,\"height\":1299,\"caption\":\"AFIB - Association Familiale Intercommunale de Beauvais\"},\"image\":{\"@id\":\"https:\\\/\\\/afib-bvs.fr\\\/#\\\/schema\\\/logo\\\/image\\\/\"},\"sameAs\":[\"https:\\\/\\\/www.facebook.com\\\/afibeauvais60\"]}]}<\/script>\n<!-- \/ Yoast SEO plugin. -->","yoast_head_json":{"title":"AFIB - Association Familiale Intercommunale de Beauvais - Vie citoyenne","description":"L\u2019AFIB fid\u00e8le \u00e0 ses valeurs familiales de citoyennet\u00e9 et de la\u00efcit\u00e9, propose des services dans un cadre familial.","robots":{"index":"index","follow":"follow","max-snippet":"max-snippet:-1","max-image-preview":"max-image-preview:large","max-video-preview":"max-video-preview:-1"},"canonical":"https:\/\/afib-bvs.fr\/index.php\/vie-citoyenne\/","og_locale":"fr_FR","og_type":"article","og_title":"AFIB - Association Familiale Intercommunale de Beauvais - Vie citoyenne","og_description":"L\u2019AFIB fid\u00e8le \u00e0 ses valeurs familiales de citoyennet\u00e9 et de la\u00efcit\u00e9, propose des services dans un cadre familial.","og_url":"https:\/\/afib-bvs.fr\/index.php\/vie-citoyenne\/","og_site_name":"AFIB - Association Familiale Intercommunale de Beauvais","article_publisher":"https:\/\/www.facebook.com\/afibeauvais60","article_modified_time":"2022-03-22T17:14:47+00:00","og_image":[{"url":"https:\/\/associationfamiliale.fr\/afib\/wp-content\/uploads\/2022\/02\/FeteArgentine-scaled.jpg","type":"","width":"","height":""}],"twitter_card":"summary_large_image","twitter_misc":{"Dur\u00e9e de lecture estim\u00e9e":"2 minutes"},"schema":{"@context":"https:\/\/schema.org","@graph":[{"@type":"WebPage","@id":"https:\/\/afib-bvs.fr\/index.php\/vie-citoyenne\/","url":"https:\/\/afib-bvs.fr\/index.php\/vie-citoyenne\/","name":"AFIB - Association Familiale Intercommunale de Beauvais - Vie citoyenne","isPartOf":{"@id":"https:\/\/afib-bvs.fr\/#website"},"primaryImageOfPage":{"@id":"https:\/\/afib-bvs.fr\/index.php\/vie-citoyenne\/#primaryimage"},"image":{"@id":"https:\/\/afib-bvs.fr\/index.php\/vie-citoyenne\/#primaryimage"},"thumbnailUrl":"https:\/\/associationfamiliale.fr\/afib\/wp-content\/uploads\/2022\/02\/FeteArgentine-scaled.jpg","datePublished":"2022-01-18T17:54:08+00:00","dateModified":"2022-03-22T17:14:47+00:00","description":"L\u2019AFIB fid\u00e8le \u00e0 ses valeurs familiales de citoyennet\u00e9 et de la\u00efcit\u00e9, propose des services dans un cadre familial.","breadcrumb":{"@id":"https:\/\/afib-bvs.fr\/index.php\/vie-citoyenne\/#breadcrumb"},"inLanguage":"fr-FR","potentialAction":[{"@type":"ReadAction","target":["https:\/\/afib-bvs.fr\/index.php\/vie-citoyenne\/"]}]},{"@type":"ImageObject","inLanguage":"fr-FR","@id":"https:\/\/afib-bvs.fr\/index.php\/vie-citoyenne\/#primaryimage","url":"https:\/\/associationfamiliale.fr\/afib\/wp-content\/uploads\/2022\/02\/FeteArgentine-scaled.jpg","contentUrl":"https:\/\/associationfamiliale.fr\/afib\/wp-content\/uploads\/2022\/02\/FeteArgentine-scaled.jpg"},{"@type":"BreadcrumbList","@id":"https:\/\/afib-bvs.fr\/index.php\/vie-citoyenne\/#breadcrumb","itemListElement":[{"@type":"ListItem","position":1,"name":"Accueil","item":"https:\/\/afib-bvs.fr\/"},{"@type":"ListItem","position":2,"name":"Vie citoyenne"}]},{"@type":"WebSite","@id":"https:\/\/afib-bvs.fr\/#website","url":"https:\/\/afib-bvs.fr\/","name":"AFIB - Association Familiale Intercommunale de Beauvais","description":"&quot;Au service des familles&quot;","publisher":{"@id":"https:\/\/afib-bvs.fr\/#organization"},"potentialAction":[{"@type":"SearchAction","target":{"@type":"EntryPoint","urlTemplate":"https:\/\/afib-bvs.fr\/?s={search_term_string}"},"query-input":{"@type":"PropertyValueSpecification","valueRequired":true,"valueName":"search_term_string"}}],"inLanguage":"fr-FR"},{"@type":"Organization","@id":"https:\/\/afib-bvs.fr\/#organization","name":"AFIB - Association Familiale Intercommunale de Beauvais","url":"https:\/\/afib-bvs.fr\/","logo":{"@type":"ImageObject","inLanguage":"fr-FR","@id":"https:\/\/afib-bvs.fr\/#\/schema\/logo\/image\/","url":"https:\/\/afib-bvs.fr\/afib\/wp-content\/uploads\/2022\/12\/LOGO-AFIB_min2.jpg","contentUrl":"https:\/\/afib-bvs.fr\/afib\/wp-content\/uploads\/2022\/12\/LOGO-AFIB_min2.jpg","width":810,"height":1299,"caption":"AFIB - Association Familiale Intercommunale de Beauvais"},"image":{"@id":"https:\/\/afib-bvs.fr\/#\/schema\/logo\/image\/"},"sameAs":["https:\/\/www.facebook.com\/afibeauvais60"]}]}},"_links":{"self":[{"href":"https:\/\/afib-bvs.fr\/index.php\/wp-json\/wp\/v2\/pages\/1148","targetHints":{"allow":["GET"]}}],"collection":[{"href":"https:\/\/afib-bvs.fr\/index.php\/wp-json\/wp\/v2\/pages"}],"about":[{"href":"https:\/\/afib-bvs.fr\/index.php\/wp-json\/wp\/v2\/types\/page"}],"author":[{"embeddable":true,"href":"https:\/\/afib-bvs.fr\/index.php\/wp-json\/wp\/v2\/users\/1"}],"replies":[{"embeddable":true,"href":"https:\/\/afib-bvs.fr\/index.php\/wp-json\/wp\/v2\/comments?post=1148"}],"version-history":[{"count":18,"href":"https:\/\/afib-bvs.fr\/index.php\/wp-json\/wp\/v2\/pages\/1148\/revisions"}],"predecessor-version":[{"id":1637,"href":"https:\/\/afib-bvs.fr\/index.php\/wp-json\/wp\/v2\/pages\/1148\/revisions\/1637"}],"wp:attachment":[{"href":"https:\/\/afib-bvs.fr\/index.php\/wp-json\/wp\/v2\/media?parent=1148"}],"curies":[{"name":"wp","href":"https:\/\/api.w.org\/{rel}","templated":true}]}}