{"id":1923,"date":"2025-05-18T09:32:49","date_gmt":"2025-05-18T07:32:49","guid":{"rendered":"https:\/\/afib-bvs.fr\/?page_id=1923"},"modified":"2025-05-18T09:32:50","modified_gmt":"2025-05-18T07:32:50","slug":"ou-nous-trouver","status":"publish","type":"page","link":"https:\/\/afib-bvs.fr\/index.php\/ou-nous-trouver\/","title":{"rendered":"O\u00f9 nous trouver"},"content":{"rendered":"\n<div class=\"wp-block-image\" data-block-type=\"core\"><figure class=\"alignleft size-full\"><img loading=\"lazy\" decoding=\"async\" width=\"300\" height=\"198\" src=\"http:\/\/associationfamiliale.fr\/afib\/wp-content\/uploads\/2021\/12\/facade3.jpg\" alt=\"o\u00f9 nous trouver\" class=\"wp-image-762\" title=\"o\u00f9 nous trouver\"\/><figcaption>Entr\u00e9e principale<\/figcaption><\/figure><\/div>\n\n\n\n<h5 class=\"wp-block-heading\">Adresse  Principale:<\/h5>\n\n\n\n<p data-block-type=\"core\">4 rue St Quentin<br>60000 Beauvais<\/p>\n\n\n\n<p data-block-type=\"core\">Le 4 rue Saint-Quentin est situ\u00e9 dans la rue du coll\u00e8ge Michelet, pr\u00e8s du cours Scellier (h\u00f4tel Mercure), derri\u00e8re la cath\u00e9drale.<br>En bus, ligne 2 arr\u00eat Amyot D\u2019Inville et ligne 3 arr\u00eat Victor Hugo<\/p>\n\n\n\n<div style=\"height:23px\" aria-hidden=\"true\" class=\"wp-block-spacer\" data-block-type=\"core\"><\/div>\n\n\n\n<div class=\"wp-block-image\" data-block-type=\"core\"><figure class=\"alignleft size-large is-resized\"><img loading=\"lazy\" decoding=\"async\" src=\"https:\/\/associationfamiliale.fr\/afib\/wp-content\/uploads\/2022\/03\/EntreeVet2-1024x688.jpg\" alt=\"Image entr\u00e9e de VET'AFIB\" class=\"wp-image-1605\" width=\"303\" height=\"203\" srcset=\"https:\/\/afib-bvs.fr\/afib\/wp-content\/uploads\/2022\/03\/EntreeVet2-1024x688.jpg 1024w, https:\/\/afib-bvs.fr\/afib\/wp-content\/uploads\/2022\/03\/EntreeVet2-300x202.jpg 300w, https:\/\/afib-bvs.fr\/afib\/wp-content\/uploads\/2022\/03\/EntreeVet2-768x516.jpg 768w, https:\/\/afib-bvs.fr\/afib\/wp-content\/uploads\/2022\/03\/EntreeVet2-1536x1032.jpg 1536w, https:\/\/afib-bvs.fr\/afib\/wp-content\/uploads\/2022\/03\/EntreeVet2-2048x1376.jpg 2048w\" sizes=\"auto, (max-width: 303px) 100vw, 303px\" \/><figcaption>Entr\u00e9e du magasin VETAFIB<\/figcaption><\/figure><\/div>\n\n\n\n<h5 class=\"wp-block-heading\">Entr\u00e9e du magasin VETAFIB <\/h5>\n\n\n\n<p data-block-type=\"core\">D\u00e9passer l&rsquo;entr\u00e9e principale du 4 rue St Quentin et aller jusqu&rsquo;au portillon  (voir la photo)<\/p>\n\n\n\n<div style=\"height:30px\" aria-hidden=\"true\" class=\"wp-block-spacer\" data-block-type=\"core\"><\/div>\n\n\n\n<iframe src=\"https:\/\/www.google.com\/maps\/embed?pb=!1m18!1m12!1m3!1d2594.672043318946!2d2.075163915702543!3d49.43401396795719!2m3!1f0!2f0!3f0!3m2!1i1024!2i768!4f13.1!3m3!1m2!1s0x47e706c94420d261%3A0x8f350c737dd8e489!2s4%20Rue%20Saint-Quentin%2C%2060000%20Beauvais!5e0!3m2!1sfr!2sfr!4v1638983572327!5m2!1sfr!2sfr\" style=\"border:0;\" allowfullscreen=\"\" loading=\"lazy\" width=\"600\" height=\"450\"><\/iframe>\n","protected":false},"excerpt":{"rendered":"<p>Adresse Principale: 4 rue St Quentin60000 Beauvais Le 4 rue Saint-Quentin est situ\u00e9 dans la rue du coll\u00e8ge Michelet, pr\u00e8s du cours Scellier (h\u00f4tel Mercure), derri\u00e8re la cath\u00e9drale.En bus, ligne 2 arr\u00eat Amyot D\u2019Inville et ligne 3 arr\u00eat Victor Hugo Entr\u00e9e du magasin VETAFIB D\u00e9passer l&rsquo;entr\u00e9e principale du 4 rue St Quentin et aller jusqu&rsquo;au [&hellip;]<\/p>\n","protected":false},"author":1,"featured_media":0,"parent":0,"menu_order":0,"comment_status":"closed","ping_status":"closed","template":"","meta":{"footnotes":""},"class_list":["post-1923","page","type-page","status-publish","hentry"],"blocksy_meta":[],"featured_image_urls_v2":{"full":"","thumbnail":"","medium":"","medium_large":"","large":"","1536x1536":"","2048x2048":""},"post_excerpt_stackable_v2":"<p>Entr\u00e9e principale Adresse Principale: 4 rue St Quentin60000 Beauvais Le 4 rue Saint-Quentin est situ\u00e9 dans la rue du coll\u00e8ge Michelet, pr\u00e8s du cours Scellier (h\u00f4tel Mercure), derri\u00e8re la cath\u00e9drale.En bus, ligne 2 arr\u00eat Amyot D\u2019Inville et ligne 3 arr\u00eat Victor Hugo Entr\u00e9e du magasin VETAFIB Entr\u00e9e du magasin VETAFIB D\u00e9passer l&rsquo;entr\u00e9e principale du 4 rue St Quentin et aller jusqu&rsquo;au portillon (voir la photo)<\/p>\n","category_list_v2":"","author_info_v2":{"name":"admafib","url":"https:\/\/afib-bvs.fr\/index.php\/author\/admafib\/"},"comments_num_v2":"0 commentaire","yoast_head":"<!-- This site is optimized with the Yoast SEO plugin v27.4 - https:\/\/yoast.com\/product\/yoast-seo-wordpress\/ -->\n<title>AFIB - Association Familiale Intercommunale de Beauvais - O\u00f9 nous trouver<\/title>\n<meta name=\"description\" content=\"L\u2019AFIB fid\u00e8le \u00e0 ses valeurs familiales de citoyennet\u00e9 et de la\u00efcit\u00e9, propose des services dans un cadre familial.\" \/>\n<meta name=\"robots\" content=\"index, follow, max-snippet:-1, max-image-preview:large, max-video-preview:-1\" \/>\n<link rel=\"canonical\" href=\"https:\/\/afib-bvs.fr\/index.php\/ou-nous-trouver\/\" \/>\n<meta property=\"og:locale\" content=\"fr_FR\" \/>\n<meta property=\"og:type\" content=\"article\" \/>\n<meta property=\"og:title\" content=\"AFIB - Association Familiale Intercommunale de Beauvais - O\u00f9 nous trouver\" \/>\n<meta property=\"og:description\" content=\"L\u2019AFIB fid\u00e8le \u00e0 ses valeurs familiales de citoyennet\u00e9 et de la\u00efcit\u00e9, propose des services dans un cadre familial.\" \/>\n<meta property=\"og:url\" content=\"https:\/\/afib-bvs.fr\/index.php\/ou-nous-trouver\/\" \/>\n<meta property=\"og:site_name\" content=\"AFIB - Association Familiale Intercommunale de Beauvais\" \/>\n<meta property=\"article:publisher\" content=\"https:\/\/www.facebook.com\/afibeauvais60\" \/>\n<meta property=\"article:modified_time\" content=\"2025-05-18T07:32:50+00:00\" \/>\n<meta property=\"og:image\" content=\"https:\/\/afib-bvs.fr\/afib\/wp-content\/uploads\/2021\/12\/facade3.jpg\" \/>\n\t<meta property=\"og:image:width\" content=\"300\" \/>\n\t<meta property=\"og:image:height\" content=\"198\" \/>\n\t<meta property=\"og:image:type\" content=\"image\/jpeg\" \/>\n<meta name=\"twitter:card\" content=\"summary_large_image\" \/>\n<script type=\"application\/ld+json\" class=\"yoast-schema-graph\">{\"@context\":\"https:\\\/\\\/schema.org\",\"@graph\":[{\"@type\":\"WebPage\",\"@id\":\"https:\\\/\\\/afib-bvs.fr\\\/index.php\\\/ou-nous-trouver\\\/\",\"url\":\"https:\\\/\\\/afib-bvs.fr\\\/index.php\\\/ou-nous-trouver\\\/\",\"name\":\"AFIB - Association Familiale Intercommunale de Beauvais - O\u00f9 nous trouver\",\"isPartOf\":{\"@id\":\"https:\\\/\\\/afib-bvs.fr\\\/#website\"},\"primaryImageOfPage\":{\"@id\":\"https:\\\/\\\/afib-bvs.fr\\\/index.php\\\/ou-nous-trouver\\\/#primaryimage\"},\"image\":{\"@id\":\"https:\\\/\\\/afib-bvs.fr\\\/index.php\\\/ou-nous-trouver\\\/#primaryimage\"},\"thumbnailUrl\":\"http:\\\/\\\/associationfamiliale.fr\\\/afib\\\/wp-content\\\/uploads\\\/2021\\\/12\\\/facade3.jpg\",\"datePublished\":\"2025-05-18T07:32:49+00:00\",\"dateModified\":\"2025-05-18T07:32:50+00:00\",\"description\":\"L\u2019AFIB fid\u00e8le \u00e0 ses valeurs familiales de citoyennet\u00e9 et de la\u00efcit\u00e9, propose des services dans un cadre familial.\",\"breadcrumb\":{\"@id\":\"https:\\\/\\\/afib-bvs.fr\\\/index.php\\\/ou-nous-trouver\\\/#breadcrumb\"},\"inLanguage\":\"fr-FR\",\"potentialAction\":[{\"@type\":\"ReadAction\",\"target\":[\"https:\\\/\\\/afib-bvs.fr\\\/index.php\\\/ou-nous-trouver\\\/\"]}]},{\"@type\":\"ImageObject\",\"inLanguage\":\"fr-FR\",\"@id\":\"https:\\\/\\\/afib-bvs.fr\\\/index.php\\\/ou-nous-trouver\\\/#primaryimage\",\"url\":\"http:\\\/\\\/associationfamiliale.fr\\\/afib\\\/wp-content\\\/uploads\\\/2021\\\/12\\\/facade3.jpg\",\"contentUrl\":\"http:\\\/\\\/associationfamiliale.fr\\\/afib\\\/wp-content\\\/uploads\\\/2021\\\/12\\\/facade3.jpg\"},{\"@type\":\"BreadcrumbList\",\"@id\":\"https:\\\/\\\/afib-bvs.fr\\\/index.php\\\/ou-nous-trouver\\\/#breadcrumb\",\"itemListElement\":[{\"@type\":\"ListItem\",\"position\":1,\"name\":\"Accueil\",\"item\":\"https:\\\/\\\/afib-bvs.fr\\\/\"},{\"@type\":\"ListItem\",\"position\":2,\"name\":\"O\u00f9 nous trouver\"}]},{\"@type\":\"WebSite\",\"@id\":\"https:\\\/\\\/afib-bvs.fr\\\/#website\",\"url\":\"https:\\\/\\\/afib-bvs.fr\\\/\",\"name\":\"AFIB - Association Familiale Intercommunale de Beauvais\",\"description\":\"&quot;Au service des familles&quot;\",\"publisher\":{\"@id\":\"https:\\\/\\\/afib-bvs.fr\\\/#organization\"},\"potentialAction\":[{\"@type\":\"SearchAction\",\"target\":{\"@type\":\"EntryPoint\",\"urlTemplate\":\"https:\\\/\\\/afib-bvs.fr\\\/?s={search_term_string}\"},\"query-input\":{\"@type\":\"PropertyValueSpecification\",\"valueRequired\":true,\"valueName\":\"search_term_string\"}}],\"inLanguage\":\"fr-FR\"},{\"@type\":\"Organization\",\"@id\":\"https:\\\/\\\/afib-bvs.fr\\\/#organization\",\"name\":\"AFIB - Association Familiale Intercommunale de Beauvais\",\"url\":\"https:\\\/\\\/afib-bvs.fr\\\/\",\"logo\":{\"@type\":\"ImageObject\",\"inLanguage\":\"fr-FR\",\"@id\":\"https:\\\/\\\/afib-bvs.fr\\\/#\\\/schema\\\/logo\\\/image\\\/\",\"url\":\"https:\\\/\\\/afib-bvs.fr\\\/afib\\\/wp-content\\\/uploads\\\/2022\\\/12\\\/LOGO-AFIB_min2.jpg\",\"contentUrl\":\"https:\\\/\\\/afib-bvs.fr\\\/afib\\\/wp-content\\\/uploads\\\/2022\\\/12\\\/LOGO-AFIB_min2.jpg\",\"width\":810,\"height\":1299,\"caption\":\"AFIB - Association Familiale Intercommunale de Beauvais\"},\"image\":{\"@id\":\"https:\\\/\\\/afib-bvs.fr\\\/#\\\/schema\\\/logo\\\/image\\\/\"},\"sameAs\":[\"https:\\\/\\\/www.facebook.com\\\/afibeauvais60\"]}]}<\/script>\n<!-- \/ Yoast SEO plugin. -->","yoast_head_json":{"title":"AFIB - Association Familiale Intercommunale de Beauvais - O\u00f9 nous trouver","description":"L\u2019AFIB fid\u00e8le \u00e0 ses valeurs familiales de citoyennet\u00e9 et de la\u00efcit\u00e9, propose des services dans un cadre familial.","robots":{"index":"index","follow":"follow","max-snippet":"max-snippet:-1","max-image-preview":"max-image-preview:large","max-video-preview":"max-video-preview:-1"},"canonical":"https:\/\/afib-bvs.fr\/index.php\/ou-nous-trouver\/","og_locale":"fr_FR","og_type":"article","og_title":"AFIB - Association Familiale Intercommunale de Beauvais - O\u00f9 nous trouver","og_description":"L\u2019AFIB fid\u00e8le \u00e0 ses valeurs familiales de citoyennet\u00e9 et de la\u00efcit\u00e9, propose des services dans un cadre familial.","og_url":"https:\/\/afib-bvs.fr\/index.php\/ou-nous-trouver\/","og_site_name":"AFIB - Association Familiale Intercommunale de Beauvais","article_publisher":"https:\/\/www.facebook.com\/afibeauvais60","article_modified_time":"2025-05-18T07:32:50+00:00","og_image":[{"width":300,"height":198,"url":"https:\/\/afib-bvs.fr\/afib\/wp-content\/uploads\/2021\/12\/facade3.jpg","type":"image\/jpeg"}],"twitter_card":"summary_large_image","schema":{"@context":"https:\/\/schema.org","@graph":[{"@type":"WebPage","@id":"https:\/\/afib-bvs.fr\/index.php\/ou-nous-trouver\/","url":"https:\/\/afib-bvs.fr\/index.php\/ou-nous-trouver\/","name":"AFIB - Association Familiale Intercommunale de Beauvais - O\u00f9 nous trouver","isPartOf":{"@id":"https:\/\/afib-bvs.fr\/#website"},"primaryImageOfPage":{"@id":"https:\/\/afib-bvs.fr\/index.php\/ou-nous-trouver\/#primaryimage"},"image":{"@id":"https:\/\/afib-bvs.fr\/index.php\/ou-nous-trouver\/#primaryimage"},"thumbnailUrl":"http:\/\/associationfamiliale.fr\/afib\/wp-content\/uploads\/2021\/12\/facade3.jpg","datePublished":"2025-05-18T07:32:49+00:00","dateModified":"2025-05-18T07:32:50+00:00","description":"L\u2019AFIB fid\u00e8le \u00e0 ses valeurs familiales de citoyennet\u00e9 et de la\u00efcit\u00e9, propose des services dans un cadre familial.","breadcrumb":{"@id":"https:\/\/afib-bvs.fr\/index.php\/ou-nous-trouver\/#breadcrumb"},"inLanguage":"fr-FR","potentialAction":[{"@type":"ReadAction","target":["https:\/\/afib-bvs.fr\/index.php\/ou-nous-trouver\/"]}]},{"@type":"ImageObject","inLanguage":"fr-FR","@id":"https:\/\/afib-bvs.fr\/index.php\/ou-nous-trouver\/#primaryimage","url":"http:\/\/associationfamiliale.fr\/afib\/wp-content\/uploads\/2021\/12\/facade3.jpg","contentUrl":"http:\/\/associationfamiliale.fr\/afib\/wp-content\/uploads\/2021\/12\/facade3.jpg"},{"@type":"BreadcrumbList","@id":"https:\/\/afib-bvs.fr\/index.php\/ou-nous-trouver\/#breadcrumb","itemListElement":[{"@type":"ListItem","position":1,"name":"Accueil","item":"https:\/\/afib-bvs.fr\/"},{"@type":"ListItem","position":2,"name":"O\u00f9 nous trouver"}]},{"@type":"WebSite","@id":"https:\/\/afib-bvs.fr\/#website","url":"https:\/\/afib-bvs.fr\/","name":"AFIB - Association Familiale Intercommunale de Beauvais","description":"&quot;Au service des familles&quot;","publisher":{"@id":"https:\/\/afib-bvs.fr\/#organization"},"potentialAction":[{"@type":"SearchAction","target":{"@type":"EntryPoint","urlTemplate":"https:\/\/afib-bvs.fr\/?s={search_term_string}"},"query-input":{"@type":"PropertyValueSpecification","valueRequired":true,"valueName":"search_term_string"}}],"inLanguage":"fr-FR"},{"@type":"Organization","@id":"https:\/\/afib-bvs.fr\/#organization","name":"AFIB - Association Familiale Intercommunale de Beauvais","url":"https:\/\/afib-bvs.fr\/","logo":{"@type":"ImageObject","inLanguage":"fr-FR","@id":"https:\/\/afib-bvs.fr\/#\/schema\/logo\/image\/","url":"https:\/\/afib-bvs.fr\/afib\/wp-content\/uploads\/2022\/12\/LOGO-AFIB_min2.jpg","contentUrl":"https:\/\/afib-bvs.fr\/afib\/wp-content\/uploads\/2022\/12\/LOGO-AFIB_min2.jpg","width":810,"height":1299,"caption":"AFIB - Association Familiale Intercommunale de Beauvais"},"image":{"@id":"https:\/\/afib-bvs.fr\/#\/schema\/logo\/image\/"},"sameAs":["https:\/\/www.facebook.com\/afibeauvais60"]}]}},"_links":{"self":[{"href":"https:\/\/afib-bvs.fr\/index.php\/wp-json\/wp\/v2\/pages\/1923","targetHints":{"allow":["GET"]}}],"collection":[{"href":"https:\/\/afib-bvs.fr\/index.php\/wp-json\/wp\/v2\/pages"}],"about":[{"href":"https:\/\/afib-bvs.fr\/index.php\/wp-json\/wp\/v2\/types\/page"}],"author":[{"embeddable":true,"href":"https:\/\/afib-bvs.fr\/index.php\/wp-json\/wp\/v2\/users\/1"}],"replies":[{"embeddable":true,"href":"https:\/\/afib-bvs.fr\/index.php\/wp-json\/wp\/v2\/comments?post=1923"}],"version-history":[{"count":1,"href":"https:\/\/afib-bvs.fr\/index.php\/wp-json\/wp\/v2\/pages\/1923\/revisions"}],"predecessor-version":[{"id":1924,"href":"https:\/\/afib-bvs.fr\/index.php\/wp-json\/wp\/v2\/pages\/1923\/revisions\/1924"}],"wp:attachment":[{"href":"https:\/\/afib-bvs.fr\/index.php\/wp-json\/wp\/v2\/media?parent=1923"}],"curies":[{"name":"wp","href":"https:\/\/api.w.org\/{rel}","templated":true}]}}